{"id":14,"date":"2012-01-05T12:39:05","date_gmt":"2012-01-05T11:39:05","guid":{"rendered":"http:\/\/zds.sk\/?page_id=14"},"modified":"2026-03-20T21:46:57","modified_gmt":"2026-03-20T20:46:57","slug":"predsednictvo","status":"publish","type":"page","link":"https:\/\/www.zds.sk\/?page_id=14","title":{"rendered":"Predsedn\u00edctvo"},"content":{"rendered":"\n<div class=\"wp-block-columns is-layout-flex wp-container-core-columns-is-layout-9d6595d7 wp-block-columns-is-layout-flex\">\n<div class=\"wp-block-column is-layout-flow wp-block-column-is-layout-flow\">\n<div class=\"wp-block-media-text is-stacked-on-mobile\" style=\"grid-template-columns:30% auto\"><figure class=\"wp-block-media-text__media\"><\/figure><div class=\"wp-block-media-text__content\">\n<p><strong>Mgr. Ing. Jozef Borovka<\/strong><br>prezident ZDS<br>Mo\u010darianska 70<br>071 01 Michalovce<br>0907 847 021<br><a href=\"mailto:zds.zds1@gmail.com\">zds.zds1@gmail.com<\/a><\/p>\n<\/div><\/div>\n<\/div>\n\n\n\n<div class=\"wp-block-column is-layout-flow wp-block-column-is-layout-flow\">\n<div class=\"wp-block-media-text is-stacked-on-mobile\" style=\"grid-template-columns:30% auto\"><figure class=\"wp-block-media-text__media\"><\/figure><div class=\"wp-block-media-text__content\">\n<p><strong>Anna P\u00e1len\u00edkov\u00e1<\/strong><br>viceprezident ZDS<br>K Zornici 106\/8<br>957 01 B\u00e1novce nad Bebravou<br>0915 776 500<br><a href=\"mailto:a.palenikova@gmail.com\">a.palenikova@gmail.com<\/a><\/p>\n<\/div><\/div>\n<\/div>\n<\/div>\n\n\n\n<div class=\"wp-block-columns is-layout-flex wp-container-core-columns-is-layout-9d6595d7 wp-block-columns-is-layout-flex\">\n<div class=\"wp-block-column is-layout-flow wp-block-column-is-layout-flow\">\n<div class=\"wp-block-media-text is-stacked-on-mobile\" style=\"grid-template-columns:30% auto\"><figure class=\"wp-block-media-text__media\"><\/figure><div class=\"wp-block-media-text__content\">\n<p><strong>Ing. Darina Ru\u0161\u010dinov\u00e1<\/strong><br>viceprezident ZDS<br>Kursk\u00e1 14<br>040 22 Ko\u0161ice &#8211; Fur\u010da<br>0907 624 150<br><a href=\"mailto:darina.ruscinova@gmail.com\">darina.ruscinova@gmail.com<\/a><\/p>\n<\/div><\/div>\n<\/div>\n\n\n\n<div class=\"wp-block-column is-layout-flow wp-block-column-is-layout-flow\">\n<div class=\"wp-block-media-text is-stacked-on-mobile\" style=\"grid-template-columns:30% auto\"><figure class=\"wp-block-media-text__media\"><\/figure><div class=\"wp-block-media-text__content\">\n<p><strong>Bc. Petra Richt\u00e1rechov\u00e1<\/strong><br>viceprezident ZDS<br>K Zornici 1941\/8A<br>957 01 B\u00e1novce nad Bebravou<br>0908 763 444<br><a href=\"mailto:richtarechovap@gmail.com\">richtarechovap@gmail.com<\/a><\/p>\n<\/div><\/div>\n<\/div>\n<\/div>\n\n\n\n<div class=\"wp-block-columns is-layout-flex wp-container-core-columns-is-layout-9d6595d7 wp-block-columns-is-layout-flex\">\n<div class=\"wp-block-column is-layout-flow wp-block-column-is-layout-flow\">\n<div class=\"wp-block-media-text is-stacked-on-mobile\" style=\"grid-template-columns:30% auto\"><figure class=\"wp-block-media-text__media\"><\/figure><div class=\"wp-block-media-text__content\">\n<p><strong>Nicolette Zavillov\u00e1<\/strong><br>viceprezident ZDS<br>Braniskov\u00e1 24<br>040 01 Ko\u0161ice<br>0904 555 056<br><a href=\"mailto:nicolettezavillova@gmail.com\">nicolettezavillova@gmail.com<\/a><\/p>\n<\/div><\/div>\n<\/div>\n\n\n\n<div class=\"wp-block-column is-layout-flow wp-block-column-is-layout-flow\"><\/div>\n<\/div>\n\n\n\n<h2 class=\"wp-block-heading\"><strong>\u010clenovia predsedn\u00edctva ZDS:<\/strong><\/h2>\n\n\n\n<div class=\"wp-block-columns is-layout-flex wp-container-core-columns-is-layout-9d6595d7 wp-block-columns-is-layout-flex\">\n<div class=\"wp-block-column is-layout-flow wp-block-column-is-layout-flow\">\n<div class=\"wp-block-media-text is-stacked-on-mobile\" style=\"grid-template-columns:30% auto\"><figure class=\"wp-block-media-text__media\"><\/figure><div class=\"wp-block-media-text__content\">\n<p><strong>Ing. Marian Ru\u010dkay<\/strong><br>\u010dlen predsedn\u00edctva ZDS<br>Ga\u0161tanova 2916\/15<br>921 01 Pie\u0161\u0165any<br>0905 718 551<br><a href=\"mailto:marian.ruckay@gmail.com\">marian.ruckay@gmail.com<\/a><\/p>\n<\/div><\/div>\n<\/div>\n\n\n\n<div class=\"wp-block-column is-layout-flow wp-block-column-is-layout-flow\">\n<div class=\"wp-block-media-text is-stacked-on-mobile\" style=\"grid-template-columns:30% auto\"><figure class=\"wp-block-media-text__media\"><\/figure><div class=\"wp-block-media-text__content\">\n<p><strong>Mgr. Lucia Demkov\u00e1<\/strong><br>\u010dlen predsedn\u00edctva ZDS<br>Kyjevsk\u00e1 6<br>071 01 Michalovce<br>0908 293 043<br><a href=\"mailto:ecmichalovce@gmail.com\">ecmichalovce@gmail.com<\/a><\/p>\n<\/div><\/div>\n<\/div>\n<\/div>\n\n\n\n<div class=\"wp-block-columns is-layout-flex wp-container-core-columns-is-layout-9d6595d7 wp-block-columns-is-layout-flex\">\n<div class=\"wp-block-column is-layout-flow wp-block-column-is-layout-flow\">\n<div class=\"wp-block-media-text is-stacked-on-mobile\" style=\"grid-template-columns:30% auto\"><figure class=\"wp-block-media-text__media\"><\/figure><div class=\"wp-block-media-text__content\">\n<p><strong>\u013dudmila Hal\u00e1sov\u00e1<\/strong><br>\u010dlen predsedn\u00edctva ZDS<br>J. Bottu 4<br>071 01 Michalovce<br>0905 947 880<br><a href=\"mailto:halasovamilka453@gmail.com\">halasovamilka453@gmail.com<\/a><\/p>\n<\/div><\/div>\n<\/div>\n\n\n\n<div class=\"wp-block-column is-layout-flow wp-block-column-is-layout-flow\"><\/div>\n<\/div>\n\n\n\n<p>&nbsp;<\/p>\n","protected":false},"excerpt":{"rendered":"<p>Mgr. Ing. Jozef Borovkaprezident ZDSMo\u010darianska 70071 01 Michalovce0907 847 021zds.zds1@gmail.com Anna P\u00e1len\u00edkov\u00e1viceprezident ZDSK Zornici 106\/8957 01 B\u00e1novce nad Bebravou0915 776 500a.palenikova@gmail.com Ing. Darina Ru\u0161\u010dinov\u00e1viceprezident ZDSKursk\u00e1 14040 22 Ko\u0161ice &#8211; Fur\u010da0907 624 150darina.ruscinova@gmail.com Bc. Petra Richt\u00e1rechov\u00e1viceprezident ZDSK Zornici 1941\/8A957 01 B\u00e1novce nad Bebravou0908 763 444richtarechovap@gmail.com Nicolette Zavillov\u00e1viceprezident ZDSBraniskov\u00e1 24040 01 Ko\u0161ice0904 555 056nicolettezavillova@gmail.com \u010clenovia predsedn\u00edctva ZDS:&#8230;<\/p>\n","protected":false},"author":1,"featured_media":0,"parent":0,"menu_order":0,"comment_status":"closed","ping_status":"closed","template":"","meta":{"ngg_post_thumbnail":0,"_kadence_starter_templates_imported_post":false,"_kad_post_transparent":"","_kad_post_title":"","_kad_post_layout":"","_kad_post_sidebar_id":"","_kad_post_content_style":"","_kad_post_vertical_padding":"","_kad_post_feature":"","_kad_post_feature_position":"","_kad_post_header":false,"_kad_post_footer":false,"_kad_post_classname":"","footnotes":""},"class_list":["post-14","page","type-page","status-publish","hentry"],"_links":{"self":[{"href":"https:\/\/www.zds.sk\/index.php?rest_route=\/wp\/v2\/pages\/14","targetHints":{"allow":["GET"]}}],"collection":[{"href":"https:\/\/www.zds.sk\/index.php?rest_route=\/wp\/v2\/pages"}],"about":[{"href":"https:\/\/www.zds.sk\/index.php?rest_route=\/wp\/v2\/types\/page"}],"author":[{"embeddable":true,"href":"https:\/\/www.zds.sk\/index.php?rest_route=\/wp\/v2\/users\/1"}],"replies":[{"embeddable":true,"href":"https:\/\/www.zds.sk\/index.php?rest_route=%2Fwp%2Fv2%2Fcomments&post=14"}],"version-history":[{"count":20,"href":"https:\/\/www.zds.sk\/index.php?rest_route=\/wp\/v2\/pages\/14\/revisions"}],"predecessor-version":[{"id":1371,"href":"https:\/\/www.zds.sk\/index.php?rest_route=\/wp\/v2\/pages\/14\/revisions\/1371"}],"wp:attachment":[{"href":"https:\/\/www.zds.sk\/index.php?rest_route=%2Fwp%2Fv2%2Fmedia&parent=14"}],"curies":[{"name":"wp","href":"https:\/\/api.w.org\/{rel}","templated":true}]}}