{"id":22,"date":"2012-01-05T12:49:40","date_gmt":"2012-01-05T11:49:40","guid":{"rendered":"http:\/\/zds.sk\/?page_id=22"},"modified":"2025-02-26T09:33:39","modified_gmt":"2025-02-26T08:33:39","slug":"aktivity","status":"publish","type":"page","link":"https:\/\/www.zds.sk\/?page_id=22","title":{"rendered":"Aktivity"},"content":{"rendered":"<p><a title=\"Aktivity ZDS v roku 2025 (.pfd format)\" href=\"http:\/\/zds.sk\/dokumenty\/Aktivity ZDS 2025 komplet.pdf\" target=\"_blank\">Aktivity ZDS v roku 2025 (.pdf format)<\/a><\/p>\n<p><a title=\"Aktivity ZDS v roku 2025 (.doc format)\" href=\"http:\/\/zds.sk\/dokumenty\/Aktivity ZDS 2025 komplet.doc\" target=\"_blank\">Aktivity ZDS v roku 2025 (.doc format)<\/a><\/p>\n<p><a title=\"Rekondi\u010dn\u00e9 pobyty na rok 2025 (.pfd format)\" href=\"http:\/\/zds.sk\/dokumenty\/Rekondi\u010dn\u00e9 pobyty v roku 2025.pdf\" target=\"_blank\">Rekondi\u010dn\u00e9 pobyty na rok 2025 (.pdf format)<\/a><\/p>\n<p><a title=\"Rekondi\u010dn\u00e9 pobyty na rok 2025 (.doc format)\" href=\"http:\/\/zds.sk\/dokumenty\/Rekondi\u010dn\u00e9 pobyty v roku 2025.doc\" target=\"_blank\">Rekondi\u010dn\u00e9 pobyty na rok 2025 (.doc format)<\/a><\/p>\n<p>&nbsp;<\/p>\n<p><a title=\"Aktivity ZDS v roku 2024 (.pfd format)\" href=\"http:\/\/zds.sk\/dokumenty\/Aktivity ZDS v roku 2024.pdf\" target=\"_blank\">Aktivity ZDS v roku 2024 (.pdf format)<\/a><\/p>\n<p><a title=\"Aktivity ZDS v roku 2024 (.doc format)\" href=\"http:\/\/zds.sk\/dokumenty\/Aktivity ZDS v roku 2024.doc\" target=\"_blank\">Aktivity ZDS v roku 2024 (.doc format)<\/a><\/p>\n<p><a title=\"Rekondi\u010dn\u00e9 pobyty na rok 2024 (.pfd format)\" href=\"http:\/\/zds.sk\/dokumenty\/RP_2024.pdf\" target=\"_blank\">Rekondi\u010dn\u00e9 pobyty na rok 2024 (.pdf format)<\/a><\/p>\n<p><a title=\"Rekondi\u010dn\u00e9 pobyty na rok 2024 (.doc format)\" href=\"http:\/\/zds.sk\/dokumenty\/RP_2024.doc\" target=\"_blank\">Rekondi\u010dn\u00e9 pobyty na rok 2024 (.doc format)<\/a><\/p>\n<p>&nbsp;<\/p>\n<p><a title=\"Aktivity ZDS v roku 2023 (.pfd format)\" href=\"http:\/\/zds.sk\/dokumenty\/Aktivity ZDS v roku 2023.pdf\" target=\"_blank\">Aktivity ZDS v roku 2023 (.pdf format)<\/a><\/p>\n<p><a title=\"Aktivity ZDS v roku 2023 (.doc format)\" href=\"http:\/\/zds.sk\/dokumenty\/Aktivity ZDS v roku 2023.doc\" target=\"_blank\">Aktivity ZDS v roku 2023 (.doc format)<\/a><\/p>\n<p><a title=\"Rekondi\u010dn\u00e9 pobyty na rok 2023 (.pfd format)\" href=\"http:\/\/zds.sk\/dokumenty\/RP_2023.pdf\" target=\"_blank\">Rekondi\u010dn\u00e9 pobyty na rok 2023 (.pdf format)<\/a><\/p>\n<p><a title=\"Rekondi\u010dn\u00e9 pobyty na rok 2023 (.doc format)\" href=\"http:\/\/zds.sk\/dokumenty\/RP_2023.doc\" target=\"_blank\">Rekondi\u010dn\u00e9 pobyty na rok 2023 (.doc format)<\/a><\/p>\n<p>&nbsp;<\/p>\n<p><a title=\"Aktivity ZDS v roku 2022 (.pfd format)\" href=\"http:\/\/zds.sk\/dokumenty\/Aktivity ZDS v roku 2022.pdf\" target=\"_blank\">Aktivity ZDS v roku 2022 (.pdf format)<\/a><\/p>\n<p><a title=\"Aktivity ZDS v roku 2022 (.doc format)\" href=\"http:\/\/zds.sk\/dokumenty\/Aktivity ZDS v roku 2022.doc\" target=\"_blank\">Aktivity ZDS v roku 2022 (.doc format)<\/a><\/p>\n<p><a title=\"Rekondi\u010dn\u00e9 pobyty na rok 2022 (.pfd format)\" href=\"http:\/\/zds.sk\/dokumenty\/RP_2022.pdf\" target=\"_blank\">Rekondi\u010dn\u00e9 pobyty na rok 2022 (.pdf format)<\/a><\/p>\n<p><a title=\"Rekondi\u010dn\u00e9 pobyty na rok 2022 (.doc format)\" href=\"http:\/\/zds.sk\/dokumenty\/RP_2022.doc\" target=\"_blank\">Rekondi\u010dn\u00e9 pobyty na rok 2022 (.doc format)<\/a><\/p>\n<p>&nbsp;<\/p>\n<p><a title=\"Aktivity ZDS v roku 2021 (.pfd format)\" href=\"http:\/\/zds.sk\/dokumenty\/Aktivity ZDS v roku 2021.pdf\" target=\"_blank\">Aktivity ZDS v roku 2021 (.pdf format)<\/a><\/p>\n<p><a title=\"Aktivity ZDaES v roku 2021(.pdf format)\" href=\"http:\/\/zds.sk\/dokumenty\/Aktivity ZDaES v roku 2021.pdf\" target=\"_blank\">Aktivity ZDaES v roku 2021 (.pdf format)<\/a><\/p>\n<p>&nbsp;<\/p>\n<p><a title=\"Aktivity ZDS v roku 2020 upraven\u00e9 (.pfd format)\" href=\"http:\/\/zds.sk\/dokumenty\/Aktivity ZDS v roku 2020 upravene.pdf\" target=\"_blank\">Aktivity ZDS v roku 2020 upraven\u00e9 (.pdf format)<\/a><\/p>\n<p><a title=\"Aktivity ZDS v roku 2020 upraven\u00e9 (.doc format)\" href=\"http:\/\/zds.sk\/dokumenty\/Aktivity ZDS v roku 2020 upravene.doc\" target=\"_blank\">Aktivity ZDS v roku 2020 upraven\u00e9 (.doc format)<\/a><\/p>\n<p>&nbsp;<\/p>\n<p><a title=\"Rekondi\u010dn\u00e9 pobyty na rok 2020 (.pfd format)\" href=\"http:\/\/zds.sk\/dokumenty\/RP_2020.pdf\" target=\"_blank\">Rekondi\u010dn\u00e9 pobyty na rok 2020 (.pdf format)<\/a><\/p>\n<p><a title=\"Rekondi\u010dn\u00e9 aktivity diabetikov v roku 2020 (.pfd format)\" href=\"http:\/\/zds.sk\/dokumenty\/Rekondicne_pobyty_ZDS.pdf\" target=\"_blank\">Rekondi\u010dn\u00e9 aktivity diabetikov v roku 2020 (.pdf format)<\/a><\/p>\n<p>&nbsp;<\/p>\n<p><a title=\"Rekondi\u010dn\u00e9 pobyty na rok 2018 (.pfd format)\" href=\"http:\/\/zds.sk\/dokumenty\/RP_2018.pdf\" target=\"_blank\">Rekondi\u010dn\u00e9 pobyty na rok 2018 (.pdf format)<\/a><\/p>\n<p><a title=\"Rekondi\u010dn\u00e9 pobyty na rok 2018 (.doc format)\" href=\"http:\/\/zds.sk\/dokumenty\/RP_2018.doc\" target=\"_blank\">Rekondi\u010dn\u00e9 pobyty na rok 2018 (.doc format)<\/a><\/p>\n<p>&nbsp;<\/p>\n<p><a title=\"Prezident informuje (.pfd format)\" href=\"http:\/\/zds.sk\/dokumenty\/ZDS_Poradenstvo.pdf\" target=\"_blank\">ZDS prezident informuje &#8211; Poskytovanie z\u00e1kladn\u00e9ho a\u00a0\u0161pecializovan\u00e9ho soci\u00e1lneho poradenstva (.pdf format)<\/a><\/p>\n<p><a title=\"Prezident informuje (.doc format)\" href=\"http:\/\/zds.sk\/dokumenty\/ZDS_Poradenstvo.docx\" target=\"_blank\">ZDS prezident informuje &#8211; Poskytovanie z\u00e1kladn\u00e9ho a\u00a0\u0161pecializovan\u00e9ho soci\u00e1lneho poradenstva (.docx format)<\/a><\/p>\n<p>&nbsp;<\/p>\n<p><a title=\"Rekondi\u010dn\u00e9 pobyty na rok 2017 (.pfd format)\" href=\"http:\/\/zds.sk\/dokumenty\/RP_2017.pdf\" target=\"_blank\">Rekondi\u010dn\u00e9 pobyty na rok 2017 (.pdf format)<\/a><\/p>\n<p><a title=\"Rekondi\u010dn\u00e9 pobyty na rok 2017 (.doc format)\" href=\"http:\/\/zds.sk\/dokumenty\/RP_2017.docx\" target=\"_blank\">Rekondi\u010dn\u00e9 pobyty na rok 2017 (.docx format)<\/a><\/p>\n<p>&nbsp;<\/p>\n<p><a title=\"Rekondi\u010dn\u00e9 pobyty na rok 2016 (.pfd format)\" href=\"http:\/\/zds.sk\/dokumenty\/RP_2016.pdf\" target=\"_blank\">Rekondi\u010dn\u00e9 pobyty na rok 2016 (.pdf format)<\/a><\/p>\n<p><a title=\"Rekondi\u010dn\u00e9 pobyty na rok 2016 (.doc format)\" href=\"http:\/\/zds.sk\/dokumenty\/RP_2016.docx\" target=\"_blank\">Rekondi\u010dn\u00e9 pobyty na rok 2016 (.docx format)<\/a><\/p>\n<p>&nbsp;<\/p>\n<p><a href=\"http:\/\/zds.sk\/dokumenty\/Aktivity_ZDS_2015.pdf\" target=\"_blank\">Pl\u00e1n \u010dinnosti ZDS na rok 2015 (.pdf format)<\/a><\/p>\n<p><a href=\"http:\/\/zds.sk\/dokumenty\/Aktivity_ZDS_2015.doc\" target=\"_blank\">Pl\u00e1n \u010dinnosti ZDS na rok 2015 (.doc format)<\/a><\/p>\n<p>&nbsp;<\/p>\n<p><a title=\"Rekondi\u010dn\u00e9 pobyty na rok 2015 (.pfd format)\" href=\"http:\/\/zds.sk\/dokumenty\/RP_2015.pdf\" target=\"_blank\">Rekondi\u010dn\u00e9 pobyty na rok 2015 (.pdf format)<\/a><\/p>\n<p><a title=\"Rekondi\u010dn\u00e9 pobyty na rok 2015 (.doc format)\" href=\"http:\/\/zds.sk\/dokumenty\/RP_2015.doc\" target=\"_blank\">Rekondi\u010dn\u00e9 pobyty na rok 2015 (.doc format)<\/a><\/p>\n<p>&nbsp;<\/p>\n<p><a title=\"Rekondi\u010dn\u00e9 pobyty na rok 2014 (.pfd format)\" href=\"http:\/\/zds.sk\/dokumenty\/RP_2014.pdf\" target=\"_blank\">Rekondi\u010dn\u00e9 pobyty na rok 2014 (.pdf format)<\/a><\/p>\n<p><a title=\"Rekondi\u010dn\u00e9 pobyty na rok 2014 (.doc format)\" href=\"http:\/\/zds.sk\/dokumenty\/RP_2014.doc\" target=\"_blank\">Rekondi\u010dn\u00e9 pobyty na rok 2014 (.doc format)<\/a><\/p>\n<p>&nbsp;<\/p>\n<p><a title=\"ZDS Prezident informuje (.pfd format)\" href=\"http:\/\/zds.sk\/dokumenty\/LIST_Zrusenie_Doplatkov_za_inzuliny.pdf\" target=\"_blank\"><strong>ZDS<\/strong> Prezident informuje &#8211; Zru\u0161enie doplatkov za inzul\u00edny (.pdf format)<\/a><\/p>\n<p><a title=\"ZDS Prezident informuje (.doc format)\" href=\"http:\/\/zds.sk\/dokumenty\/LIST_Zrusenie_Doplatkov_za_inzuliny.docx\" target=\"_blank\"><strong>ZDS<\/strong> Prezident informuje &#8211; Zru\u0161enie doplatkov za inzul\u00edny\u00a0(.docx format)<\/a><\/p>\n<p>&nbsp;<\/p>\n<p><a title=\"ZDS Prezident informuje (.pfd format)\" href=\"http:\/\/zds.sk\/dokumenty\/ZDS_prezident_informuje.pdf\" target=\"_blank\"><strong>ZDS<\/strong> Prezident informuje &#8211; Soci\u00e1lne poradenstvo a eduk\u00e1cia diabetikov (.pdf format)<\/a><\/p>\n<p><a title=\"ZDS Prezident informuje (.doc format)\" href=\"http:\/\/zds.sk\/dokumenty\/ZDS_prezident_informuje.doc\" target=\"_blank\"><strong>ZDS<\/strong> Prezident informuje &#8211; Soci\u00e1lne poradenstvo a eduk\u00e1cia diabetikov\u00a0(.doc format)<\/a><\/p>\n<p>&nbsp;<\/p>\n<p><a title=\"ZDS informuje (.pfd format)\" href=\"http:\/\/zds.sk\/dokumenty\/ZDS_info.pdf\" target=\"_blank\"><strong>ZDS<\/strong> informuje (.pdf format)<\/a><\/p>\n<p><a title=\"ZDS informuje (.doc format)\" href=\"http:\/\/zds.sk\/dokumenty\/ZDS_info.doc\" target=\"_blank\"><strong>ZDS<\/strong> informuje (.doc format)<\/a><\/p>\n<p>&nbsp;<\/p>\n<p><a title=\"Rekondi\u010dn\u00e9 pobyty na rok 2012 (.pfd format)\" href=\"http:\/\/zds.sk\/dokumenty\/RP_2012.pdf\" target=\"_blank\">Rekondi\u010dn\u00e9 pobyty na rok 2012 (.pdf format)<\/a><\/p>\n<p><a title=\"Rekondi\u010dn\u00e9 pobyty na rok 2012 (.doc format)\" href=\"http:\/\/zds.sk\/dokumenty\/RP_2012.doc\" target=\"_blank\">Rekondi\u010dn\u00e9 pobyty na rok 2012 (.doc format)<\/a><\/p>\n<p>&nbsp;<\/p>\n<p><a title=\"Rekondi\u010dn\u00e9 pobyty na rok 2011 (.pdf format)\" href=\"http:\/\/zds.sk\/dokumenty\/RP_2011.pdf\" target=\"_blank\">Rekondi\u010dn\u00e9 pobyty na rok 2011 (.pdf format)<\/a><\/p>\n<p><a title=\"Rekondi\u010dn\u00e9 pobyty na rok 2011 (.doc format)\" href=\"http:\/\/zds.sk\/dokumenty\/RP_2011.doc\" target=\"_blank\">Rekondi\u010dn\u00e9 pobyty na rok 2011 (.doc format)<\/a><\/p>\n<p>&nbsp;<\/p>\n<p><a title=\"Rekondi\u010dn\u00e9 pobyty na rok 2010 (.pdf format)\" href=\"http:\/\/zds.sk\/dokumenty\/RP_2010.pdf\" target=\"_blank\">Rekondi\u010dn\u00e9 pobyty na rok 2010 (.pdf format)<\/a><\/p>\n<p><a title=\"Rekondi\u010dn\u00e9 pobyty na rok 2010 (.doc format)\" href=\"http:\/\/zds.sk\/dokumenty\/RP_2010.doc\" target=\"_blank\">Rekondi\u010dn\u00e9 pobyty na rok 2010 (.doc format)<\/a><\/p>\n<p>&nbsp;<\/p>\n","protected":false},"excerpt":{"rendered":"<p>Aktivity ZDS v roku 2025 (.pdf format) Aktivity ZDS v roku 2025 (.doc format) Rekondi\u010dn\u00e9 pobyty na rok 2025 (.pdf format) Rekondi\u010dn\u00e9 pobyty na rok 2025 (.doc format) &nbsp; Aktivity ZDS v roku 2024 (.pdf format) Aktivity ZDS v roku 2024 (.doc format) Rekondi\u010dn\u00e9 pobyty na rok 2024 (.pdf format) Rekondi\u010dn\u00e9 pobyty na rok 2024&#8230;<\/p>\n","protected":false},"author":1,"featured_media":0,"parent":0,"menu_order":0,"comment_status":"closed","ping_status":"closed","template":"","meta":{"ngg_post_thumbnail":0,"_kadence_starter_templates_imported_post":false,"_kad_post_transparent":"","_kad_post_title":"","_kad_post_layout":"","_kad_post_sidebar_id":"","_kad_post_content_style":"","_kad_post_vertical_padding":"","_kad_post_feature":"","_kad_post_feature_position":"","_kad_post_header":false,"_kad_post_footer":false,"_kad_post_classname":"","footnotes":""},"class_list":["post-22","page","type-page","status-publish","hentry"],"_links":{"self":[{"href":"https:\/\/www.zds.sk\/index.php?rest_route=\/wp\/v2\/pages\/22","targetHints":{"allow":["GET"]}}],"collection":[{"href":"https:\/\/www.zds.sk\/index.php?rest_route=\/wp\/v2\/pages"}],"about":[{"href":"https:\/\/www.zds.sk\/index.php?rest_route=\/wp\/v2\/types\/page"}],"author":[{"embeddable":true,"href":"https:\/\/www.zds.sk\/index.php?rest_route=\/wp\/v2\/users\/1"}],"replies":[{"embeddable":true,"href":"https:\/\/www.zds.sk\/index.php?rest_route=%2Fwp%2Fv2%2Fcomments&post=22"}],"version-history":[{"count":38,"href":"https:\/\/www.zds.sk\/index.php?rest_route=\/wp\/v2\/pages\/22\/revisions"}],"predecessor-version":[{"id":1269,"href":"https:\/\/www.zds.sk\/index.php?rest_route=\/wp\/v2\/pages\/22\/revisions\/1269"}],"wp:attachment":[{"href":"https:\/\/www.zds.sk\/index.php?rest_route=%2Fwp%2Fv2%2Fmedia&parent=22"}],"curies":[{"name":"wp","href":"https:\/\/api.w.org\/{rel}","templated":true}]}}