{"id":31,"date":"2012-01-06T10:43:59","date_gmt":"2012-01-06T09:43:59","guid":{"rendered":"http:\/\/zds.sk\/?page_id=31"},"modified":"2013-05-20T10:08:49","modified_gmt":"2013-05-20T08:08:49","slug":"dokumenty","status":"publish","type":"page","link":"https:\/\/www.zds.sk\/?page_id=31","title":{"rendered":"Vysok\u00e1 \u0161kola"},"content":{"rendered":"<p>&nbsp;<\/p>\n<p><a href=\"dokumenty\/VS_oznam_o_studiu_2kolo.doc\" target=\"_blank\"><strong>Vysok\u00e1 \u0161kola &#8211; oznam o \u0161t\u00fadiu &#8211;\u00a02. Kolo prij\u00edmacieho konania (.doc form\u00e1t)<\/strong><\/a><\/p>\n<p><a href=\"dokumenty\/VS_oznam_o_studiu_2kolo.pdf\" target=\"_blank\"><strong>Vysok\u00e1 \u0161kola &#8211; oznam o \u0161t\u00fadiu &#8211;\u00a02. Kolo prij\u00edmacieho konania (.pdf form\u00e1t)<\/strong><\/a><\/p>\n<p>&nbsp;<\/p>\n<p><a href=\"dokumenty\/VS_oznam_o_studiu_2012.doc\" target=\"_blank\"><strong>Vysok\u00e1 \u0161kola &#8211; oznam o \u0161t\u00fadiu pre rok 2012\/2013 (.doc form\u00e1t)<\/strong><\/a><\/p>\n<p><a href=\"dokumenty\/VS_oznam_o_studiu_2012.pdf\" target=\"_blank\"><strong>Vysok\u00e1 \u0161kola &#8211; oznam o \u0161t\u00fadiu pre rok 2012\/2013 (.pdf form\u00e1t)<\/strong><\/a><\/p>\n<p>&nbsp;<\/p>\n<p><a href=\"dokumenty\/VS_clanok_promocie.doc\" target=\"_blank\"><strong>PROM\u00d3CIE PRV\u00ddCH PROFESION\u00c1LNYCH EDUK\u00c1TOROV (.doc form\u00e1t)<\/strong><\/a><\/p>\n<p><a href=\"dokumenty\/VS_clanok_promocie.pdf\" target=\"_blank\"><strong>PROM\u00d3CIE PRV\u00ddCH PROFESION\u00c1LNYCH EDUK\u00c1TOROV (.pdf form\u00e1t)<\/strong><\/a><\/p>\n<p>&nbsp;<\/p>\n<p><a href=\"dokumenty\/VS_oznam_o_studiu.doc\" target=\"_blank\"><strong>Vysok\u00e1 \u0161kola &#8211; oznam o \u0161t\u00fadiu (.doc form\u00e1t)<\/strong><\/a><\/p>\n<p><a href=\"dokumenty\/VS_oznam_o_studiu.pdf\" target=\"_blank\"><strong>Vysok\u00e1 \u0161kola &#8211; oznam o \u0161t\u00fadiu (.pdf form\u00e1t)<\/strong><\/a><\/p>\n","protected":false},"excerpt":{"rendered":"<p>&nbsp; Vysok\u00e1 \u0161kola &#8211; oznam o \u0161t\u00fadiu &#8211;\u00a02. Kolo prij\u00edmacieho konania (.doc form\u00e1t) Vysok\u00e1 \u0161kola &#8211; oznam o \u0161t\u00fadiu &#8211;\u00a02. Kolo prij\u00edmacieho konania (.pdf form\u00e1t) &nbsp; Vysok\u00e1 \u0161kola &#8211; oznam o \u0161t\u00fadiu pre rok 2012\/2013 (.doc form\u00e1t) Vysok\u00e1 \u0161kola &#8211; oznam o \u0161t\u00fadiu pre rok 2012\/2013 (.pdf form\u00e1t) &nbsp; PROM\u00d3CIE PRV\u00ddCH PROFESION\u00c1LNYCH EDUK\u00c1TOROV (.doc form\u00e1t)&#8230;<\/p>\n","protected":false},"author":1,"featured_media":0,"parent":0,"menu_order":0,"comment_status":"closed","ping_status":"closed","template":"","meta":{"ngg_post_thumbnail":0,"_kadence_starter_templates_imported_post":false,"_kad_post_transparent":"","_kad_post_title":"","_kad_post_layout":"","_kad_post_sidebar_id":"","_kad_post_content_style":"","_kad_post_vertical_padding":"","_kad_post_feature":"","_kad_post_feature_position":"","_kad_post_header":false,"_kad_post_footer":false,"_kad_post_classname":"","footnotes":""},"class_list":["post-31","page","type-page","status-publish","hentry"],"_links":{"self":[{"href":"https:\/\/www.zds.sk\/index.php?rest_route=\/wp\/v2\/pages\/31","targetHints":{"allow":["GET"]}}],"collection":[{"href":"https:\/\/www.zds.sk\/index.php?rest_route=\/wp\/v2\/pages"}],"about":[{"href":"https:\/\/www.zds.sk\/index.php?rest_route=\/wp\/v2\/types\/page"}],"author":[{"embeddable":true,"href":"https:\/\/www.zds.sk\/index.php?rest_route=\/wp\/v2\/users\/1"}],"replies":[{"embeddable":true,"href":"https:\/\/www.zds.sk\/index.php?rest_route=%2Fwp%2Fv2%2Fcomments&post=31"}],"version-history":[{"count":8,"href":"https:\/\/www.zds.sk\/index.php?rest_route=\/wp\/v2\/pages\/31\/revisions"}],"predecessor-version":[{"id":94,"href":"https:\/\/www.zds.sk\/index.php?rest_route=\/wp\/v2\/pages\/31\/revisions\/94"}],"wp:attachment":[{"href":"https:\/\/www.zds.sk\/index.php?rest_route=%2Fwp%2Fv2%2Fmedia&parent=31"}],"curies":[{"name":"wp","href":"https:\/\/api.w.org\/{rel}","templated":true}]}}