{"id":386,"date":"2013-09-13T02:26:04","date_gmt":"2013-09-13T00:26:04","guid":{"rendered":"http:\/\/zds.sk\/?page_id=386"},"modified":"2013-09-13T02:26:04","modified_gmt":"2013-09-13T00:26:04","slug":"galeria-medzinarodne-majstrovstva-vo-vareni-gulasu-liptovska-tepla-2012","status":"publish","type":"page","link":"https:\/\/www.zds.sk\/?page_id=386","title":{"rendered":"Gal\u00e9ria: Medzin\u00e1rodn\u00e9 majstrovstv\u00e1 vo varen\u00ed gul\u00e1\u0161u &#8211; Liptovsk\u00e1 Tepl\u00e1 2012"},"content":{"rendered":"<p><!-- default-view.php -->\n<div\n\tclass=\"ngg-galleryoverview default-view\n\t ngg-ajax-pagination-none\t\"\n\tid=\"ngg-gallery-fc43ffc71dfe80b1ea26e6c2c6b4ef2c-1\"\n\tdata-gallery-id=\"11\">\n\n\t\t<!-- Thumbnails -->\n\t\t\t\t<div id=\"ngg-image-0\" class=\"ngg-gallery-thumbnail-box\n\t\t\t\t\t\t\t\t\t\t\t\"\n\t\t\t>\n\t\t\t\t\t\t<div class=\"ngg-gallery-thumbnail\">\n\t\t\t<a href=\"https:\/\/www.zds.sk\/wp-content\/gallery\/medzinarodne-majstrovstva-vo-vareni-gulasu-liptovska-tepla-2012\/imgp5092.jpg\"\n\t\t\t\ttitle=\" \"\n\t\t\t\tdata-src=\"https:\/\/www.zds.sk\/wp-content\/gallery\/medzinarodne-majstrovstva-vo-vareni-gulasu-liptovska-tepla-2012\/imgp5092.jpg\"\n\t\t\t\tdata-thumbnail=\"https:\/\/www.zds.sk\/wp-content\/gallery\/medzinarodne-majstrovstva-vo-vareni-gulasu-liptovska-tepla-2012\/thumbs\/thumbs_imgp5092.jpg\"\n\t\t\t\tdata-image-id=\"138\"\n\t\t\t\tdata-title=\"imgp5092\"\n\t\t\t\tdata-description=\" \"\n\t\t\t\tdata-image-slug=\"imgp5092\"\n\t\t\t\t\t\t\t\t\t\t\t\t\t\t\t\t\t\t\t\tclass=\"ngg-fancybox\" rel=\"fc43ffc71dfe80b1ea26e6c2c6b4ef2c\">\n\t\t\t\t\t\t\t\t<img\n\t\t\t\t\ttitle=\"imgp5092\"\n\t\t\t\t\talt=\"imgp5092\"\n\t\t\t\t\tsrc=\"https:\/\/www.zds.sk\/wp-content\/gallery\/medzinarodne-majstrovstva-vo-vareni-gulasu-liptovska-tepla-2012\/thumbs\/thumbs_imgp5092.jpg\"\n\t\t\t\t\twidth=\"120\"\n\t\t\t\t\theight=\"90\"\n\t\t\t\t\tstyle=\"max-width:100%;\"\n\t\t\t\t\/>\n\t\t\t<\/a>\n\t\t<\/div>\n\t\t\t\t\t\t\t<\/div>\n\t\t\t\n\t\t\t\t<div id=\"ngg-image-1\" class=\"ngg-gallery-thumbnail-box\n\t\t\t\t\t\t\t\t\t\t\t\"\n\t\t\t>\n\t\t\t\t\t\t<div class=\"ngg-gallery-thumbnail\">\n\t\t\t<a href=\"https:\/\/www.zds.sk\/wp-content\/gallery\/medzinarodne-majstrovstva-vo-vareni-gulasu-liptovska-tepla-2012\/imgp5066.jpg\"\n\t\t\t\ttitle=\" \"\n\t\t\t\tdata-src=\"https:\/\/www.zds.sk\/wp-content\/gallery\/medzinarodne-majstrovstva-vo-vareni-gulasu-liptovska-tepla-2012\/imgp5066.jpg\"\n\t\t\t\tdata-thumbnail=\"https:\/\/www.zds.sk\/wp-content\/gallery\/medzinarodne-majstrovstva-vo-vareni-gulasu-liptovska-tepla-2012\/thumbs\/thumbs_imgp5066.jpg\"\n\t\t\t\tdata-image-id=\"139\"\n\t\t\t\tdata-title=\"imgp5066\"\n\t\t\t\tdata-description=\" \"\n\t\t\t\tdata-image-slug=\"imgp5066\"\n\t\t\t\t\t\t\t\t\t\t\t\t\t\t\t\t\t\t\t\tclass=\"ngg-fancybox\" rel=\"fc43ffc71dfe80b1ea26e6c2c6b4ef2c\">\n\t\t\t\t\t\t\t\t<img\n\t\t\t\t\ttitle=\"imgp5066\"\n\t\t\t\t\talt=\"imgp5066\"\n\t\t\t\t\tsrc=\"https:\/\/www.zds.sk\/wp-content\/gallery\/medzinarodne-majstrovstva-vo-vareni-gulasu-liptovska-tepla-2012\/thumbs\/thumbs_imgp5066.jpg\"\n\t\t\t\t\twidth=\"120\"\n\t\t\t\t\theight=\"90\"\n\t\t\t\t\tstyle=\"max-width:100%;\"\n\t\t\t\t\/>\n\t\t\t<\/a>\n\t\t<\/div>\n\t\t\t\t\t\t\t<\/div>\n\t\t\t\n\t\t\t\t<div id=\"ngg-image-2\" class=\"ngg-gallery-thumbnail-box\n\t\t\t\t\t\t\t\t\t\t\t\"\n\t\t\t>\n\t\t\t\t\t\t<div class=\"ngg-gallery-thumbnail\">\n\t\t\t<a href=\"https:\/\/www.zds.sk\/wp-content\/gallery\/medzinarodne-majstrovstva-vo-vareni-gulasu-liptovska-tepla-2012\/imgp5067.jpg\"\n\t\t\t\ttitle=\" \"\n\t\t\t\tdata-src=\"https:\/\/www.zds.sk\/wp-content\/gallery\/medzinarodne-majstrovstva-vo-vareni-gulasu-liptovska-tepla-2012\/imgp5067.jpg\"\n\t\t\t\tdata-thumbnail=\"https:\/\/www.zds.sk\/wp-content\/gallery\/medzinarodne-majstrovstva-vo-vareni-gulasu-liptovska-tepla-2012\/thumbs\/thumbs_imgp5067.jpg\"\n\t\t\t\tdata-image-id=\"140\"\n\t\t\t\tdata-title=\"imgp5067\"\n\t\t\t\tdata-description=\" \"\n\t\t\t\tdata-image-slug=\"imgp5067\"\n\t\t\t\t\t\t\t\t\t\t\t\t\t\t\t\t\t\t\t\tclass=\"ngg-fancybox\" rel=\"fc43ffc71dfe80b1ea26e6c2c6b4ef2c\">\n\t\t\t\t\t\t\t\t<img\n\t\t\t\t\ttitle=\"imgp5067\"\n\t\t\t\t\talt=\"imgp5067\"\n\t\t\t\t\tsrc=\"https:\/\/www.zds.sk\/wp-content\/gallery\/medzinarodne-majstrovstva-vo-vareni-gulasu-liptovska-tepla-2012\/thumbs\/thumbs_imgp5067.jpg\"\n\t\t\t\t\twidth=\"120\"\n\t\t\t\t\theight=\"90\"\n\t\t\t\t\tstyle=\"max-width:100%;\"\n\t\t\t\t\/>\n\t\t\t<\/a>\n\t\t<\/div>\n\t\t\t\t\t\t\t<\/div>\n\t\t\t\n\t\t\t\t<div id=\"ngg-image-3\" class=\"ngg-gallery-thumbnail-box\n\t\t\t\t\t\t\t\t\t\t\t\"\n\t\t\t>\n\t\t\t\t\t\t<div class=\"ngg-gallery-thumbnail\">\n\t\t\t<a href=\"https:\/\/www.zds.sk\/wp-content\/gallery\/medzinarodne-majstrovstva-vo-vareni-gulasu-liptovska-tepla-2012\/imgp5083.jpg\"\n\t\t\t\ttitle=\" \"\n\t\t\t\tdata-src=\"https:\/\/www.zds.sk\/wp-content\/gallery\/medzinarodne-majstrovstva-vo-vareni-gulasu-liptovska-tepla-2012\/imgp5083.jpg\"\n\t\t\t\tdata-thumbnail=\"https:\/\/www.zds.sk\/wp-content\/gallery\/medzinarodne-majstrovstva-vo-vareni-gulasu-liptovska-tepla-2012\/thumbs\/thumbs_imgp5083.jpg\"\n\t\t\t\tdata-image-id=\"141\"\n\t\t\t\tdata-title=\"imgp5083\"\n\t\t\t\tdata-description=\" \"\n\t\t\t\tdata-image-slug=\"imgp5083\"\n\t\t\t\t\t\t\t\t\t\t\t\t\t\t\t\t\t\t\t\tclass=\"ngg-fancybox\" rel=\"fc43ffc71dfe80b1ea26e6c2c6b4ef2c\">\n\t\t\t\t\t\t\t\t<img\n\t\t\t\t\ttitle=\"imgp5083\"\n\t\t\t\t\talt=\"imgp5083\"\n\t\t\t\t\tsrc=\"https:\/\/www.zds.sk\/wp-content\/gallery\/medzinarodne-majstrovstva-vo-vareni-gulasu-liptovska-tepla-2012\/thumbs\/thumbs_imgp5083.jpg\"\n\t\t\t\t\twidth=\"120\"\n\t\t\t\t\theight=\"90\"\n\t\t\t\t\tstyle=\"max-width:100%;\"\n\t\t\t\t\/>\n\t\t\t<\/a>\n\t\t<\/div>\n\t\t\t\t\t\t\t<\/div>\n\t\t\t\n\t\t\t\t<div id=\"ngg-image-4\" class=\"ngg-gallery-thumbnail-box\n\t\t\t\t\t\t\t\t\t\t\t\"\n\t\t\t>\n\t\t\t\t\t\t<div class=\"ngg-gallery-thumbnail\">\n\t\t\t<a href=\"https:\/\/www.zds.sk\/wp-content\/gallery\/medzinarodne-majstrovstva-vo-vareni-gulasu-liptovska-tepla-2012\/imgp5086.jpg\"\n\t\t\t\ttitle=\" \"\n\t\t\t\tdata-src=\"https:\/\/www.zds.sk\/wp-content\/gallery\/medzinarodne-majstrovstva-vo-vareni-gulasu-liptovska-tepla-2012\/imgp5086.jpg\"\n\t\t\t\tdata-thumbnail=\"https:\/\/www.zds.sk\/wp-content\/gallery\/medzinarodne-majstrovstva-vo-vareni-gulasu-liptovska-tepla-2012\/thumbs\/thumbs_imgp5086.jpg\"\n\t\t\t\tdata-image-id=\"142\"\n\t\t\t\tdata-title=\"imgp5086\"\n\t\t\t\tdata-description=\" \"\n\t\t\t\tdata-image-slug=\"imgp5086\"\n\t\t\t\t\t\t\t\t\t\t\t\t\t\t\t\t\t\t\t\tclass=\"ngg-fancybox\" rel=\"fc43ffc71dfe80b1ea26e6c2c6b4ef2c\">\n\t\t\t\t\t\t\t\t<img\n\t\t\t\t\ttitle=\"imgp5086\"\n\t\t\t\t\talt=\"imgp5086\"\n\t\t\t\t\tsrc=\"https:\/\/www.zds.sk\/wp-content\/gallery\/medzinarodne-majstrovstva-vo-vareni-gulasu-liptovska-tepla-2012\/thumbs\/thumbs_imgp5086.jpg\"\n\t\t\t\t\twidth=\"120\"\n\t\t\t\t\theight=\"90\"\n\t\t\t\t\tstyle=\"max-width:100%;\"\n\t\t\t\t\/>\n\t\t\t<\/a>\n\t\t<\/div>\n\t\t\t\t\t\t\t<\/div>\n\t\t\t\n\t\t\t\t<div id=\"ngg-image-5\" class=\"ngg-gallery-thumbnail-box\n\t\t\t\t\t\t\t\t\t\t\t\"\n\t\t\t>\n\t\t\t\t\t\t<div class=\"ngg-gallery-thumbnail\">\n\t\t\t<a href=\"https:\/\/www.zds.sk\/wp-content\/gallery\/medzinarodne-majstrovstva-vo-vareni-gulasu-liptovska-tepla-2012\/imgp5088.jpg\"\n\t\t\t\ttitle=\" \"\n\t\t\t\tdata-src=\"https:\/\/www.zds.sk\/wp-content\/gallery\/medzinarodne-majstrovstva-vo-vareni-gulasu-liptovska-tepla-2012\/imgp5088.jpg\"\n\t\t\t\tdata-thumbnail=\"https:\/\/www.zds.sk\/wp-content\/gallery\/medzinarodne-majstrovstva-vo-vareni-gulasu-liptovska-tepla-2012\/thumbs\/thumbs_imgp5088.jpg\"\n\t\t\t\tdata-image-id=\"143\"\n\t\t\t\tdata-title=\"imgp5088\"\n\t\t\t\tdata-description=\" \"\n\t\t\t\tdata-image-slug=\"imgp5088\"\n\t\t\t\t\t\t\t\t\t\t\t\t\t\t\t\t\t\t\t\tclass=\"ngg-fancybox\" rel=\"fc43ffc71dfe80b1ea26e6c2c6b4ef2c\">\n\t\t\t\t\t\t\t\t<img\n\t\t\t\t\ttitle=\"imgp5088\"\n\t\t\t\t\talt=\"imgp5088\"\n\t\t\t\t\tsrc=\"https:\/\/www.zds.sk\/wp-content\/gallery\/medzinarodne-majstrovstva-vo-vareni-gulasu-liptovska-tepla-2012\/thumbs\/thumbs_imgp5088.jpg\"\n\t\t\t\t\twidth=\"120\"\n\t\t\t\t\theight=\"90\"\n\t\t\t\t\tstyle=\"max-width:100%;\"\n\t\t\t\t\/>\n\t\t\t<\/a>\n\t\t<\/div>\n\t\t\t\t\t\t\t<\/div>\n\t\t\t\n\t\n\t<br style=\"clear: both\" \/>\n\n\t\t<div class=\"slideshowlink\">\n\t\t<a href='https:\/\/www.zds.sk\/index.php\/nggallery\/slideshow?page_id=386'>[Show as slideshow]<\/a>\n\n\t<\/div>\n\t\n\t\t<!-- Pagination -->\n\t\t<div class='ngg-clear'><\/div>\t<\/div>\n<\/p>\n","protected":false},"excerpt":{"rendered":"<p>[Show as slideshow]<\/p>\n","protected":false},"author":1,"featured_media":0,"parent":0,"menu_order":0,"comment_status":"closed","ping_status":"closed","template":"","meta":{"ngg_post_thumbnail":0,"_kadence_starter_templates_imported_post":false,"_kad_post_transparent":"","_kad_post_title":"","_kad_post_layout":"","_kad_post_sidebar_id":"","_kad_post_content_style":"","_kad_post_vertical_padding":"","_kad_post_feature":"","_kad_post_feature_position":"","_kad_post_header":false,"_kad_post_footer":false,"_kad_post_classname":"","footnotes":""},"class_list":["post-386","page","type-page","status-publish","hentry"],"_links":{"self":[{"href":"https:\/\/www.zds.sk\/index.php?rest_route=\/wp\/v2\/pages\/386","targetHints":{"allow":["GET"]}}],"collection":[{"href":"https:\/\/www.zds.sk\/index.php?rest_route=\/wp\/v2\/pages"}],"about":[{"href":"https:\/\/www.zds.sk\/index.php?rest_route=\/wp\/v2\/types\/page"}],"author":[{"embeddable":true,"href":"https:\/\/www.zds.sk\/index.php?rest_route=\/wp\/v2\/users\/1"}],"replies":[{"embeddable":true,"href":"https:\/\/www.zds.sk\/index.php?rest_route=%2Fwp%2Fv2%2Fcomments&post=386"}],"version-history":[{"count":1,"href":"https:\/\/www.zds.sk\/index.php?rest_route=\/wp\/v2\/pages\/386\/revisions"}],"predecessor-version":[{"id":388,"href":"https:\/\/www.zds.sk\/index.php?rest_route=\/wp\/v2\/pages\/386\/revisions\/388"}],"wp:attachment":[{"href":"https:\/\/www.zds.sk\/index.php?rest_route=%2Fwp%2Fv2%2Fmedia&parent=386"}],"curies":[{"name":"wp","href":"https:\/\/api.w.org\/{rel}","templated":true}]}}