{"id":389,"date":"2013-09-13T02:27:06","date_gmt":"2013-09-13T00:27:06","guid":{"rendered":"http:\/\/zds.sk\/?page_id=389"},"modified":"2013-09-13T02:27:06","modified_gmt":"2013-09-13T00:27:06","slug":"galeria-rp-liptovsky-jan-2012-tesco-zbierka","status":"publish","type":"page","link":"https:\/\/www.zds.sk\/?page_id=389","title":{"rendered":"Gal\u00e9ria: RP Liptovsk\u00fd J\u00e1n 2012 TESCO ZBIERKA"},"content":{"rendered":"<p><!-- default-view.php -->\n<div\n\tclass=\"ngg-galleryoverview default-view\n\t ngg-ajax-pagination-none\t\"\n\tid=\"ngg-gallery-de2aedb7f332b2ee75a5d4607be20957-1\"\n\tdata-gallery-id=\"12\">\n\n\t\t<!-- Thumbnails -->\n\t\t\t\t<div id=\"ngg-image-0\" class=\"ngg-gallery-thumbnail-box\n\t\t\t\t\t\t\t\t\t\t\t\"\n\t\t\t>\n\t\t\t\t\t\t<div class=\"ngg-gallery-thumbnail\">\n\t\t\t<a href=\"https:\/\/www.zds.sk\/wp-content\/gallery\/rp-lipt-jan-2012-tesco-zbierka\/imgp3606.jpg\"\n\t\t\t\ttitle=\" \"\n\t\t\t\tdata-src=\"https:\/\/www.zds.sk\/wp-content\/gallery\/rp-lipt-jan-2012-tesco-zbierka\/imgp3606.jpg\"\n\t\t\t\tdata-thumbnail=\"https:\/\/www.zds.sk\/wp-content\/gallery\/rp-lipt-jan-2012-tesco-zbierka\/thumbs\/thumbs_imgp3606.jpg\"\n\t\t\t\tdata-image-id=\"144\"\n\t\t\t\tdata-title=\"imgp3606\"\n\t\t\t\tdata-description=\" \"\n\t\t\t\tdata-image-slug=\"imgp3606\"\n\t\t\t\t\t\t\t\t\t\t\t\t\t\t\t\t\t\t\t\tclass=\"ngg-fancybox\" rel=\"de2aedb7f332b2ee75a5d4607be20957\">\n\t\t\t\t\t\t\t\t<img\n\t\t\t\t\ttitle=\"imgp3606\"\n\t\t\t\t\talt=\"imgp3606\"\n\t\t\t\t\tsrc=\"https:\/\/www.zds.sk\/wp-content\/gallery\/rp-lipt-jan-2012-tesco-zbierka\/thumbs\/thumbs_imgp3606.jpg\"\n\t\t\t\t\twidth=\"120\"\n\t\t\t\t\theight=\"90\"\n\t\t\t\t\tstyle=\"max-width:100%;\"\n\t\t\t\t\/>\n\t\t\t<\/a>\n\t\t<\/div>\n\t\t\t\t\t\t\t<\/div>\n\t\t\t\n\t\t\t\t<div id=\"ngg-image-1\" class=\"ngg-gallery-thumbnail-box\n\t\t\t\t\t\t\t\t\t\t\t\"\n\t\t\t>\n\t\t\t\t\t\t<div class=\"ngg-gallery-thumbnail\">\n\t\t\t<a href=\"https:\/\/www.zds.sk\/wp-content\/gallery\/rp-lipt-jan-2012-tesco-zbierka\/imgp3521.jpg\"\n\t\t\t\ttitle=\" \"\n\t\t\t\tdata-src=\"https:\/\/www.zds.sk\/wp-content\/gallery\/rp-lipt-jan-2012-tesco-zbierka\/imgp3521.jpg\"\n\t\t\t\tdata-thumbnail=\"https:\/\/www.zds.sk\/wp-content\/gallery\/rp-lipt-jan-2012-tesco-zbierka\/thumbs\/thumbs_imgp3521.jpg\"\n\t\t\t\tdata-image-id=\"145\"\n\t\t\t\tdata-title=\"imgp3521\"\n\t\t\t\tdata-description=\" \"\n\t\t\t\tdata-image-slug=\"imgp3521\"\n\t\t\t\t\t\t\t\t\t\t\t\t\t\t\t\t\t\t\t\tclass=\"ngg-fancybox\" rel=\"de2aedb7f332b2ee75a5d4607be20957\">\n\t\t\t\t\t\t\t\t<img\n\t\t\t\t\ttitle=\"imgp3521\"\n\t\t\t\t\talt=\"imgp3521\"\n\t\t\t\t\tsrc=\"https:\/\/www.zds.sk\/wp-content\/gallery\/rp-lipt-jan-2012-tesco-zbierka\/thumbs\/thumbs_imgp3521.jpg\"\n\t\t\t\t\twidth=\"120\"\n\t\t\t\t\theight=\"90\"\n\t\t\t\t\tstyle=\"max-width:100%;\"\n\t\t\t\t\/>\n\t\t\t<\/a>\n\t\t<\/div>\n\t\t\t\t\t\t\t<\/div>\n\t\t\t\n\t\t\t\t<div id=\"ngg-image-2\" class=\"ngg-gallery-thumbnail-box\n\t\t\t\t\t\t\t\t\t\t\t\"\n\t\t\t>\n\t\t\t\t\t\t<div class=\"ngg-gallery-thumbnail\">\n\t\t\t<a href=\"https:\/\/www.zds.sk\/wp-content\/gallery\/rp-lipt-jan-2012-tesco-zbierka\/imgp3529.jpg\"\n\t\t\t\ttitle=\" \"\n\t\t\t\tdata-src=\"https:\/\/www.zds.sk\/wp-content\/gallery\/rp-lipt-jan-2012-tesco-zbierka\/imgp3529.jpg\"\n\t\t\t\tdata-thumbnail=\"https:\/\/www.zds.sk\/wp-content\/gallery\/rp-lipt-jan-2012-tesco-zbierka\/thumbs\/thumbs_imgp3529.jpg\"\n\t\t\t\tdata-image-id=\"146\"\n\t\t\t\tdata-title=\"imgp3529\"\n\t\t\t\tdata-description=\" \"\n\t\t\t\tdata-image-slug=\"imgp3529\"\n\t\t\t\t\t\t\t\t\t\t\t\t\t\t\t\t\t\t\t\tclass=\"ngg-fancybox\" rel=\"de2aedb7f332b2ee75a5d4607be20957\">\n\t\t\t\t\t\t\t\t<img\n\t\t\t\t\ttitle=\"imgp3529\"\n\t\t\t\t\talt=\"imgp3529\"\n\t\t\t\t\tsrc=\"https:\/\/www.zds.sk\/wp-content\/gallery\/rp-lipt-jan-2012-tesco-zbierka\/thumbs\/thumbs_imgp3529.jpg\"\n\t\t\t\t\twidth=\"120\"\n\t\t\t\t\theight=\"90\"\n\t\t\t\t\tstyle=\"max-width:100%;\"\n\t\t\t\t\/>\n\t\t\t<\/a>\n\t\t<\/div>\n\t\t\t\t\t\t\t<\/div>\n\t\t\t\n\t\t\t\t<div id=\"ngg-image-3\" class=\"ngg-gallery-thumbnail-box\n\t\t\t\t\t\t\t\t\t\t\t\"\n\t\t\t>\n\t\t\t\t\t\t<div class=\"ngg-gallery-thumbnail\">\n\t\t\t<a href=\"https:\/\/www.zds.sk\/wp-content\/gallery\/rp-lipt-jan-2012-tesco-zbierka\/imgp3547.jpg\"\n\t\t\t\ttitle=\" \"\n\t\t\t\tdata-src=\"https:\/\/www.zds.sk\/wp-content\/gallery\/rp-lipt-jan-2012-tesco-zbierka\/imgp3547.jpg\"\n\t\t\t\tdata-thumbnail=\"https:\/\/www.zds.sk\/wp-content\/gallery\/rp-lipt-jan-2012-tesco-zbierka\/thumbs\/thumbs_imgp3547.jpg\"\n\t\t\t\tdata-image-id=\"147\"\n\t\t\t\tdata-title=\"imgp3547\"\n\t\t\t\tdata-description=\" \"\n\t\t\t\tdata-image-slug=\"imgp3547\"\n\t\t\t\t\t\t\t\t\t\t\t\t\t\t\t\t\t\t\t\tclass=\"ngg-fancybox\" rel=\"de2aedb7f332b2ee75a5d4607be20957\">\n\t\t\t\t\t\t\t\t<img\n\t\t\t\t\ttitle=\"imgp3547\"\n\t\t\t\t\talt=\"imgp3547\"\n\t\t\t\t\tsrc=\"https:\/\/www.zds.sk\/wp-content\/gallery\/rp-lipt-jan-2012-tesco-zbierka\/thumbs\/thumbs_imgp3547.jpg\"\n\t\t\t\t\twidth=\"120\"\n\t\t\t\t\theight=\"90\"\n\t\t\t\t\tstyle=\"max-width:100%;\"\n\t\t\t\t\/>\n\t\t\t<\/a>\n\t\t<\/div>\n\t\t\t\t\t\t\t<\/div>\n\t\t\t\n\t\t\t\t<div id=\"ngg-image-4\" class=\"ngg-gallery-thumbnail-box\n\t\t\t\t\t\t\t\t\t\t\t\"\n\t\t\t>\n\t\t\t\t\t\t<div class=\"ngg-gallery-thumbnail\">\n\t\t\t<a href=\"https:\/\/www.zds.sk\/wp-content\/gallery\/rp-lipt-jan-2012-tesco-zbierka\/imgp3548.jpg\"\n\t\t\t\ttitle=\" \"\n\t\t\t\tdata-src=\"https:\/\/www.zds.sk\/wp-content\/gallery\/rp-lipt-jan-2012-tesco-zbierka\/imgp3548.jpg\"\n\t\t\t\tdata-thumbnail=\"https:\/\/www.zds.sk\/wp-content\/gallery\/rp-lipt-jan-2012-tesco-zbierka\/thumbs\/thumbs_imgp3548.jpg\"\n\t\t\t\tdata-image-id=\"148\"\n\t\t\t\tdata-title=\"imgp3548\"\n\t\t\t\tdata-description=\" \"\n\t\t\t\tdata-image-slug=\"imgp3548\"\n\t\t\t\t\t\t\t\t\t\t\t\t\t\t\t\t\t\t\t\tclass=\"ngg-fancybox\" rel=\"de2aedb7f332b2ee75a5d4607be20957\">\n\t\t\t\t\t\t\t\t<img\n\t\t\t\t\ttitle=\"imgp3548\"\n\t\t\t\t\talt=\"imgp3548\"\n\t\t\t\t\tsrc=\"https:\/\/www.zds.sk\/wp-content\/gallery\/rp-lipt-jan-2012-tesco-zbierka\/thumbs\/thumbs_imgp3548.jpg\"\n\t\t\t\t\twidth=\"120\"\n\t\t\t\t\theight=\"90\"\n\t\t\t\t\tstyle=\"max-width:100%;\"\n\t\t\t\t\/>\n\t\t\t<\/a>\n\t\t<\/div>\n\t\t\t\t\t\t\t<\/div>\n\t\t\t\n\t\t\t\t<div id=\"ngg-image-5\" class=\"ngg-gallery-thumbnail-box\n\t\t\t\t\t\t\t\t\t\t\t\"\n\t\t\t>\n\t\t\t\t\t\t<div class=\"ngg-gallery-thumbnail\">\n\t\t\t<a href=\"https:\/\/www.zds.sk\/wp-content\/gallery\/rp-lipt-jan-2012-tesco-zbierka\/imgp3559.jpg\"\n\t\t\t\ttitle=\" \"\n\t\t\t\tdata-src=\"https:\/\/www.zds.sk\/wp-content\/gallery\/rp-lipt-jan-2012-tesco-zbierka\/imgp3559.jpg\"\n\t\t\t\tdata-thumbnail=\"https:\/\/www.zds.sk\/wp-content\/gallery\/rp-lipt-jan-2012-tesco-zbierka\/thumbs\/thumbs_imgp3559.jpg\"\n\t\t\t\tdata-image-id=\"149\"\n\t\t\t\tdata-title=\"imgp3559\"\n\t\t\t\tdata-description=\" \"\n\t\t\t\tdata-image-slug=\"imgp3559\"\n\t\t\t\t\t\t\t\t\t\t\t\t\t\t\t\t\t\t\t\tclass=\"ngg-fancybox\" rel=\"de2aedb7f332b2ee75a5d4607be20957\">\n\t\t\t\t\t\t\t\t<img\n\t\t\t\t\ttitle=\"imgp3559\"\n\t\t\t\t\talt=\"imgp3559\"\n\t\t\t\t\tsrc=\"https:\/\/www.zds.sk\/wp-content\/gallery\/rp-lipt-jan-2012-tesco-zbierka\/thumbs\/thumbs_imgp3559.jpg\"\n\t\t\t\t\twidth=\"120\"\n\t\t\t\t\theight=\"90\"\n\t\t\t\t\tstyle=\"max-width:100%;\"\n\t\t\t\t\/>\n\t\t\t<\/a>\n\t\t<\/div>\n\t\t\t\t\t\t\t<\/div>\n\t\t\t\n\t\t\t\t<div id=\"ngg-image-6\" class=\"ngg-gallery-thumbnail-box\n\t\t\t\t\t\t\t\t\t\t\t\"\n\t\t\t>\n\t\t\t\t\t\t<div class=\"ngg-gallery-thumbnail\">\n\t\t\t<a href=\"https:\/\/www.zds.sk\/wp-content\/gallery\/rp-lipt-jan-2012-tesco-zbierka\/imgp3583.jpg\"\n\t\t\t\ttitle=\" \"\n\t\t\t\tdata-src=\"https:\/\/www.zds.sk\/wp-content\/gallery\/rp-lipt-jan-2012-tesco-zbierka\/imgp3583.jpg\"\n\t\t\t\tdata-thumbnail=\"https:\/\/www.zds.sk\/wp-content\/gallery\/rp-lipt-jan-2012-tesco-zbierka\/thumbs\/thumbs_imgp3583.jpg\"\n\t\t\t\tdata-image-id=\"150\"\n\t\t\t\tdata-title=\"imgp3583\"\n\t\t\t\tdata-description=\" \"\n\t\t\t\tdata-image-slug=\"imgp3583\"\n\t\t\t\t\t\t\t\t\t\t\t\t\t\t\t\t\t\t\t\tclass=\"ngg-fancybox\" rel=\"de2aedb7f332b2ee75a5d4607be20957\">\n\t\t\t\t\t\t\t\t<img\n\t\t\t\t\ttitle=\"imgp3583\"\n\t\t\t\t\talt=\"imgp3583\"\n\t\t\t\t\tsrc=\"https:\/\/www.zds.sk\/wp-content\/gallery\/rp-lipt-jan-2012-tesco-zbierka\/thumbs\/thumbs_imgp3583.jpg\"\n\t\t\t\t\twidth=\"120\"\n\t\t\t\t\theight=\"90\"\n\t\t\t\t\tstyle=\"max-width:100%;\"\n\t\t\t\t\/>\n\t\t\t<\/a>\n\t\t<\/div>\n\t\t\t\t\t\t\t<\/div>\n\t\t\t\n\t\t\t\t<div id=\"ngg-image-7\" class=\"ngg-gallery-thumbnail-box\n\t\t\t\t\t\t\t\t\t\t\t\"\n\t\t\t>\n\t\t\t\t\t\t<div class=\"ngg-gallery-thumbnail\">\n\t\t\t<a href=\"https:\/\/www.zds.sk\/wp-content\/gallery\/rp-lipt-jan-2012-tesco-zbierka\/imgp3601.jpg\"\n\t\t\t\ttitle=\" \"\n\t\t\t\tdata-src=\"https:\/\/www.zds.sk\/wp-content\/gallery\/rp-lipt-jan-2012-tesco-zbierka\/imgp3601.jpg\"\n\t\t\t\tdata-thumbnail=\"https:\/\/www.zds.sk\/wp-content\/gallery\/rp-lipt-jan-2012-tesco-zbierka\/thumbs\/thumbs_imgp3601.jpg\"\n\t\t\t\tdata-image-id=\"151\"\n\t\t\t\tdata-title=\"imgp3601\"\n\t\t\t\tdata-description=\" \"\n\t\t\t\tdata-image-slug=\"imgp3601\"\n\t\t\t\t\t\t\t\t\t\t\t\t\t\t\t\t\t\t\t\tclass=\"ngg-fancybox\" rel=\"de2aedb7f332b2ee75a5d4607be20957\">\n\t\t\t\t\t\t\t\t<img\n\t\t\t\t\ttitle=\"imgp3601\"\n\t\t\t\t\talt=\"imgp3601\"\n\t\t\t\t\tsrc=\"https:\/\/www.zds.sk\/wp-content\/gallery\/rp-lipt-jan-2012-tesco-zbierka\/thumbs\/thumbs_imgp3601.jpg\"\n\t\t\t\t\twidth=\"120\"\n\t\t\t\t\theight=\"90\"\n\t\t\t\t\tstyle=\"max-width:100%;\"\n\t\t\t\t\/>\n\t\t\t<\/a>\n\t\t<\/div>\n\t\t\t\t\t\t\t<\/div>\n\t\t\t\n\t\t\t\t<div id=\"ngg-image-8\" class=\"ngg-gallery-thumbnail-box\n\t\t\t\t\t\t\t\t\t\t\t\"\n\t\t\t>\n\t\t\t\t\t\t<div class=\"ngg-gallery-thumbnail\">\n\t\t\t<a href=\"https:\/\/www.zds.sk\/wp-content\/gallery\/rp-lipt-jan-2012-tesco-zbierka\/imgp3603.jpg\"\n\t\t\t\ttitle=\" \"\n\t\t\t\tdata-src=\"https:\/\/www.zds.sk\/wp-content\/gallery\/rp-lipt-jan-2012-tesco-zbierka\/imgp3603.jpg\"\n\t\t\t\tdata-thumbnail=\"https:\/\/www.zds.sk\/wp-content\/gallery\/rp-lipt-jan-2012-tesco-zbierka\/thumbs\/thumbs_imgp3603.jpg\"\n\t\t\t\tdata-image-id=\"152\"\n\t\t\t\tdata-title=\"imgp3603\"\n\t\t\t\tdata-description=\" \"\n\t\t\t\tdata-image-slug=\"imgp3603\"\n\t\t\t\t\t\t\t\t\t\t\t\t\t\t\t\t\t\t\t\tclass=\"ngg-fancybox\" rel=\"de2aedb7f332b2ee75a5d4607be20957\">\n\t\t\t\t\t\t\t\t<img\n\t\t\t\t\ttitle=\"imgp3603\"\n\t\t\t\t\talt=\"imgp3603\"\n\t\t\t\t\tsrc=\"https:\/\/www.zds.sk\/wp-content\/gallery\/rp-lipt-jan-2012-tesco-zbierka\/thumbs\/thumbs_imgp3603.jpg\"\n\t\t\t\t\twidth=\"120\"\n\t\t\t\t\theight=\"90\"\n\t\t\t\t\tstyle=\"max-width:100%;\"\n\t\t\t\t\/>\n\t\t\t<\/a>\n\t\t<\/div>\n\t\t\t\t\t\t\t<\/div>\n\t\t\t\n\t\n\t<br style=\"clear: both\" \/>\n\n\t\t<div class=\"slideshowlink\">\n\t\t<a href='https:\/\/www.zds.sk\/index.php\/nggallery\/slideshow?page_id=389'>[Show as slideshow]<\/a>\n\n\t<\/div>\n\t\n\t\t<!-- Pagination -->\n\t\t<div class='ngg-clear'><\/div>\t<\/div>\n<\/p>\n","protected":false},"excerpt":{"rendered":"<p>[Show as slideshow]<\/p>\n","protected":false},"author":1,"featured_media":0,"parent":0,"menu_order":0,"comment_status":"closed","ping_status":"closed","template":"","meta":{"ngg_post_thumbnail":0,"_kadence_starter_templates_imported_post":false,"_kad_post_transparent":"","_kad_post_title":"","_kad_post_layout":"","_kad_post_sidebar_id":"","_kad_post_content_style":"","_kad_post_vertical_padding":"","_kad_post_feature":"","_kad_post_feature_position":"","_kad_post_header":false,"_kad_post_footer":false,"_kad_post_classname":"","footnotes":""},"class_list":["post-389","page","type-page","status-publish","hentry"],"_links":{"self":[{"href":"https:\/\/www.zds.sk\/index.php?rest_route=\/wp\/v2\/pages\/389","targetHints":{"allow":["GET"]}}],"collection":[{"href":"https:\/\/www.zds.sk\/index.php?rest_route=\/wp\/v2\/pages"}],"about":[{"href":"https:\/\/www.zds.sk\/index.php?rest_route=\/wp\/v2\/types\/page"}],"author":[{"embeddable":true,"href":"https:\/\/www.zds.sk\/index.php?rest_route=\/wp\/v2\/users\/1"}],"replies":[{"embeddable":true,"href":"https:\/\/www.zds.sk\/index.php?rest_route=%2Fwp%2Fv2%2Fcomments&post=389"}],"version-history":[{"count":1,"href":"https:\/\/www.zds.sk\/index.php?rest_route=\/wp\/v2\/pages\/389\/revisions"}],"predecessor-version":[{"id":391,"href":"https:\/\/www.zds.sk\/index.php?rest_route=\/wp\/v2\/pages\/389\/revisions\/391"}],"wp:attachment":[{"href":"https:\/\/www.zds.sk\/index.php?rest_route=%2Fwp%2Fv2%2Fmedia&parent=389"}],"curies":[{"name":"wp","href":"https:\/\/api.w.org\/{rel}","templated":true}]}}