{"id":934,"date":"2018-03-18T11:44:22","date_gmt":"2018-03-18T10:44:22","guid":{"rendered":"http:\/\/zds.sk\/?page_id=934"},"modified":"2026-03-20T22:01:26","modified_gmt":"2026-03-20T21:01:26","slug":"historia","status":"publish","type":"page","link":"https:\/\/www.zds.sk\/?page_id=934","title":{"rendered":"Hist\u00f3ria ZDS"},"content":{"rendered":"<div class=\"wp-block-image\">\n<figure class=\"alignleft size-full is-resized\"><a href=\"https:\/\/www.zds.sk\/wp-content\/uploads\/2026\/03\/image.png\"><img loading=\"lazy\" decoding=\"async\" width=\"546\" height=\"783\" src=\"https:\/\/www.zds.sk\/wp-content\/uploads\/2026\/03\/image.png\" alt=\"\" class=\"wp-image-1375\" style=\"aspect-ratio:0.6973481267724763;width:170px;height:auto\" srcset=\"https:\/\/www.zds.sk\/wp-content\/uploads\/2026\/03\/image.png 546w, https:\/\/www.zds.sk\/wp-content\/uploads\/2026\/03\/image-209x300.png 209w\" sizes=\"auto, (max-width: 546px) 100vw, 546px\" \/><\/a><\/figure>\n<\/div>\n\n\n<p class=\"has-text-align-center\"><a href=\"http:\/\/zds.sk\/dokumenty\/Historia_ZDS.pdf\" target=\"_blank\" rel=\"noopener\">Hist\u00f3ria Zv\u00e4zu diabetikov Slovenska (Jozef Borovka a kol.)<\/a><\/p>\n\n\n\n<blockquote class=\"wp-block-quote is-style-default has-small-font-size is-layout-flow wp-block-quote-is-layout-flow\">\n<p>V\u00e1\u017een\u00ed \u010ditatelia. Dost\u00e1va sa V\u00e1m do r\u00fak prv\u00e9 vydanie knihy \u201eHist\u00f3ria Zv\u00e4zu diabetikov Slovenska\u201c ktor\u00e1 vych\u00e1dza pri pr\u00edle\u017eitosti 25 rokov zalo\u017eenia Zv\u00e4zu diabetikov Slovenska. Hist\u00f3riu tvoria dejiny a osobnosti. Je to veli\u010dina, ktor\u00e1 sa nikdy ned\u00e1 spochybni\u0165 a zmeni\u0165. Z historick\u00e9ho h\u013eadiska je nezvratn\u00fdm javom, \u017ee cukrovka men\u00ed \u017eivot \u010dloveka, ale aj spolo\u010dnosti u\u017e nieko\u013eko tis\u00edcro\u010d\u00ed. Ot\u00e1zne ale je, \u010di ju berieme ako hrozbu, alebo ju len prehliadame. Aj tu sa mnoh\u00ed, najm\u00e4 T\u00ed, ktor\u00fdm by malo z\u00e1le\u017ea\u0165 na zdravej popul\u00e1cii, historicky rad\u0161ej nevidia. Naopak t\u00ed, ktor\u00fdch sa to bytostne dot\u00fdka, ju ber\u00fa ako hrozbu seba sam\u00e9ho, rodiny, ale aj spolo\u010dnosti. Z tohto d\u00f4vodu sa skupina nad\u0161encov rozhodla v roku 1990 pom\u00e1ha\u0165 diabetikom a zalo\u017eila Zv\u00e4z diabetikov Slovenska (ZDS). <br>Tak, ako v\u0161etko nov\u00e9 aj ZDS prech\u00e1dzalo mnoh\u00fdmi etapami. V prv\u00fdch rokoch bolo najv\u00e4\u010d\u0161\u00edm \u00faspechom zisk 450 gluko merov cez Nad\u00e1ciu O\u013egy Havlovej a n\u00e1sledn\u00e1 distrib\u00facia po Slovensku. Neoddelite\u013enou s\u00fa\u010das\u0165ou pr\u00e1ce ZDS je obhajovanie pr\u00e1v a z\u00e1ujmov diabetikov, pomoc pri zvl\u00e1dan\u00ed ich ochorenia, pr\u00e1ca medzi \u0161irokou verejnos\u0165ou v oblasti prevencie, organizovanie rekondi\u010dno \u2013 integra\u010dn\u00fdch a rehabilita\u010dn\u00fdch pobytov pre dospel\u00fdch a detsk\u00fdch diabetikov a pod. Ka\u017ed\u00fd rok sa konaj\u00fa pre diabetikov, sestry a verejnos\u0165 diabetologick\u00e9 dni a pri pr\u00edle\u017eitosti Svetov\u00e9ho d\u0148a diabetu Festival diabetu. ZDS organizuje pochod a beh proti diabetu. Pr\u00e1ve organiz\u00e1cia diabetikov pochopila, \u017ee najd\u00f4le\u017eitej\u0161ia s\u00fa\u010das\u0165 zvl\u00e1dania cukrovky je dobr\u00e1 eduk\u00e1cia a soci\u00e1lna pomoc.<br>Preto zria\u010fuje po Slovensku Centr\u00e1 soci\u00e1lneho poradenstva a eduk\u00e1cie diabetikov, kde pracuj\u00fa profesion\u00e1lni soci\u00e1lni pracovn\u00edci a eduk\u00e1tori s vysoko\u0161kolsk\u00fdm vzdelan\u00edm v tomto odbore. Kniha sa sklad\u00e1 z troch kapitol. V prvej je pop\u00edsan\u00e1 chronol\u00f3gia \u010dinnosti ZDS od jej vzniku a\u017e po s\u00fa\u010dasnos\u0165. <br>V druhej kapitole je prezentovan\u00e1 \u010dinnos\u0165 a dobrovo\u013en\u00edcka pr\u00e1ca organiza\u010dn\u00fdch zlo\u017eiek ZDS pre svojich \u010dlenov a pre \u0161irok\u00fa verejnos\u0165. Tretia kapitola je obrazovou dokument\u00e1ciou \u010dinnosti ZDS, ktor\u00e1 bola dostupn\u00e1 pri p\u00edsan\u00ed tejto knihy. Ver\u00edm, \u017ee kniha svojim obsahom zaujme a zdokumentovanie 25 rokov \u017eivota na\u0161ej organiz\u00e1cie prinesie \u010ditate\u013eom plno hodnotn\u00fa inform\u00e1ciu o jej \u010dinnosti.<\/p>\n<\/blockquote>\n","protected":false},"excerpt":{"rendered":"<p>Hist\u00f3ria Zv\u00e4zu diabetikov Slovenska (Jozef Borovka a kol.) V\u00e1\u017een\u00ed \u010ditatelia. Dost\u00e1va sa V\u00e1m do r\u00fak prv\u00e9 vydanie knihy \u201eHist\u00f3ria Zv\u00e4zu diabetikov Slovenska\u201c ktor\u00e1 vych\u00e1dza pri pr\u00edle\u017eitosti 25 rokov zalo\u017eenia Zv\u00e4zu diabetikov Slovenska. Hist\u00f3riu tvoria dejiny a osobnosti. Je to veli\u010dina, ktor\u00e1 sa nikdy ned\u00e1 spochybni\u0165 a zmeni\u0165. Z historick\u00e9ho h\u013eadiska je nezvratn\u00fdm javom, \u017ee cukrovka&#8230;<\/p>\n","protected":false},"author":1,"featured_media":0,"parent":0,"menu_order":0,"comment_status":"closed","ping_status":"closed","template":"","meta":{"ngg_post_thumbnail":0,"_kadence_starter_templates_imported_post":false,"_kad_post_transparent":"","_kad_post_title":"","_kad_post_layout":"","_kad_post_sidebar_id":"","_kad_post_content_style":"","_kad_post_vertical_padding":"","_kad_post_feature":"","_kad_post_feature_position":"","_kad_post_header":false,"_kad_post_footer":false,"_kad_post_classname":"","footnotes":""},"class_list":["post-934","page","type-page","status-publish","hentry"],"_links":{"self":[{"href":"https:\/\/www.zds.sk\/index.php?rest_route=\/wp\/v2\/pages\/934","targetHints":{"allow":["GET"]}}],"collection":[{"href":"https:\/\/www.zds.sk\/index.php?rest_route=\/wp\/v2\/pages"}],"about":[{"href":"https:\/\/www.zds.sk\/index.php?rest_route=\/wp\/v2\/types\/page"}],"author":[{"embeddable":true,"href":"https:\/\/www.zds.sk\/index.php?rest_route=\/wp\/v2\/users\/1"}],"replies":[{"embeddable":true,"href":"https:\/\/www.zds.sk\/index.php?rest_route=%2Fwp%2Fv2%2Fcomments&post=934"}],"version-history":[{"count":8,"href":"https:\/\/www.zds.sk\/index.php?rest_route=\/wp\/v2\/pages\/934\/revisions"}],"predecessor-version":[{"id":1377,"href":"https:\/\/www.zds.sk\/index.php?rest_route=\/wp\/v2\/pages\/934\/revisions\/1377"}],"wp:attachment":[{"href":"https:\/\/www.zds.sk\/index.php?rest_route=%2Fwp%2Fv2%2Fmedia&parent=934"}],"curies":[{"name":"wp","href":"https:\/\/api.w.org\/{rel}","templated":true}]}}